{"id":24948,"date":"2024-11-22T15:32:27","date_gmt":"2024-11-22T15:32:27","guid":{"rendered":"https:\/\/gerdarsafn.kopavogur.is\/?post_type=artwork&#038;p=24948"},"modified":"2024-11-22T15:34:04","modified_gmt":"2024-11-22T15:34:04","slug":"samklipp-2","status":"publish","type":"artwork","link":"https:\/\/gerdarsafn.kopavogur.is\/en\/artwork\/samklipp-2\/","title":{"rendered":"Samklipp"},"content":{"rendered":"\n<p>\u00cd \u00feessu samklippuverki m\u00e1 sj\u00e1 ge\u00f3metr\u00edsk form spila skemmtilega saman, st\u00f3r sem sm\u00e1. Verki\u00f0 er 41,5 x 25 cm a\u00f0 st\u00e6r\u00f0. \u00deau hafa veri\u00f0 klippt \u00fat og l\u00edmd \u00e1 fl\u00f6tinn. H\u00fan nota\u00f0ist m.a. vi\u00f0 lita\u00f0an papp\u00edr \u00ed rau\u00f0um, gulum, sv\u00f6rtum og gr\u00e1um lit. Hluti af ge\u00f3metr\u00edsku formunum \u00ed verkinu eru hv\u00f6ss og sterk me\u00f0an \u00f6nnur eru hornr\u00e9tt. \u00c1 s\u00fdningunni Ge\u00f3metr\u00eda sem st\u00f3\u00f0 yfir \u00e1 Ger\u00f0arsafni \u00ed lok \u00e1rs 2022 m\u00e1tti finna tv\u00e6r <a><\/a>samklippimyndir eftir Ger\u00f0i. \u00cd safnb\u00fa\u00f0 Ger\u00f0arsafns er h\u00e6gt a\u00f0 kaupa eftirprent af samklippumyndum hennar sem \u00f3neitanlega fer vel \u00e1 vegg \u00e1 heimilinu e\u00f0a annars sta\u00f0ar.<\/p>\n\n\n\n<p>Ger\u00f0ur Helgad\u00f3ttir f\u00e6ddist \u00e1ri\u00f0 1928 og l\u00e9st 1975 og \u00fev\u00ed var listr\u00e6nn ferill Ger\u00f0ar fremur stuttur, e\u00f0a um 30 \u00e1r. \u00der\u00e1tt fyrir stuttan feril skildi h\u00fan eftir sig g\u00edfurlegan fj\u00f6lda listaverka. H\u00fan var b\u00fasett \u00ed Par\u00eds mestallan starfsferil. Eins og margir vita vann Ger\u00f0ur me\u00f0 \u00fdmis efni \u00ed listsk\u00f6pun sinni og er \u00f3h\u00e6tt er a\u00f0 segja a\u00f0 sk\u00f6punarkraftur og afbur\u00f0a listr\u00e6nir h\u00e6fileikar hafi veri\u00f0 hennar n\u00e1\u00f0arg\u00e1fa. Ger\u00f0ur var st\u00f3rhuga og var n\u00e1lgun hennar \u00ed listinni tilraunakennd.<\/p>\n","protected":false},"featured_media":24949,"template":"","artwork-category":[211],"artists":[201],"class_list":["post-24948","artwork","type-artwork","status-publish","has-post-thumbnail","hentry","artwork-category-safneign","artists-gerdur-helgadottir"],"acf":[],"_links":{"self":[{"href":"https:\/\/gerdarsafn.kopavogur.is\/en\/wp-json\/wp\/v2\/artwork\/24948","targetHints":{"allow":["GET"]}}],"collection":[{"href":"https:\/\/gerdarsafn.kopavogur.is\/en\/wp-json\/wp\/v2\/artwork"}],"about":[{"href":"https:\/\/gerdarsafn.kopavogur.is\/en\/wp-json\/wp\/v2\/types\/artwork"}],"version-history":[{"count":0,"href":"https:\/\/gerdarsafn.kopavogur.is\/en\/wp-json\/wp\/v2\/artwork\/24948\/revisions"}],"wp:featuredmedia":[{"embeddable":true,"href":"https:\/\/gerdarsafn.kopavogur.is\/en\/wp-json\/wp\/v2\/media\/24949"}],"wp:attachment":[{"href":"https:\/\/gerdarsafn.kopavogur.is\/en\/wp-json\/wp\/v2\/media?parent=24948"}],"wp:term":[{"taxonomy":"artwork-category","embeddable":true,"href":"https:\/\/gerdarsafn.kopavogur.is\/en\/wp-json\/wp\/v2\/artwork-category?post=24948"},{"taxonomy":"artists","embeddable":true,"href":"https:\/\/gerdarsafn.kopavogur.is\/en\/wp-json\/wp\/v2\/artists?post=24948"}],"curies":[{"name":"wp","href":"https:\/\/api.w.org\/{rel}","templated":true}]}}

<p>Í þessu samklippuverki má sjá geómetrísk form spila skemmtilega saman, stór sem smá. Verkið er 41,5 x 25 cm að stærð. Þau hafa verið klippt út og límd á flötinn. Hún notaðist m.a. við litaðan pappír í rauðum, gulum, svörtum og gráum lit. Hluti af geómetrísku formunum í verkinu eru hvöss og sterk meðan önnur eru hornrétt. Á sýningunni Geómetría sem stóð yfir á Gerðarsafni í lok árs 2022 mátti finna tvær <a></a>samklippimyndir eftir Gerði. Í safnbúð Gerðarsafns er hægt að kaupa eftirprent af samklippumyndum hennar sem óneitanlega fer vel á vegg á heimilinu eða annars staðar.</p>



<p>Gerður Helgadóttir fæddist árið 1928 og lést 1975 og því var listrænn ferill Gerðar fremur stuttur, eða um 30 ár. Þrátt fyrir stuttan feril skildi hún eftir sig gífurlegan fjölda listaverka. Hún var búsett í París mestallan starfsferil. Eins og margir vita vann Gerður með ýmis efni í listsköpun sinni og er óhætt er að segja að sköpunarkraftur og afburða listrænir hæfileikar hafi verið hennar náðargáfa. Gerður var stórhuga og var nálgun hennar í listinni tilraunakennd.</p>
