{"id":26160,"date":"2026-04-26T13:26:09","date_gmt":"2026-04-26T13:26:09","guid":{"rendered":"https:\/\/gerdarsafn.kopavogur.is\/?post_type=artwork&#038;p=26160"},"modified":"2026-04-26T13:26:10","modified_gmt":"2026-04-26T13:26:10","slug":"napkins-at-the-end-of-my-world","status":"publish","type":"artwork","link":"https:\/\/gerdarsafn.kopavogur.is\/en\/artwork\/napkins-at-the-end-of-my-world\/","title":{"rendered":"Napkins at the end of my world"},"content":{"rendered":"\n<p>Sumari\u00f0 2024 var haldin einkas\u00fdning \u00e1 verkum S\u00f3leyjar \u00e1 Ger\u00f0arsafni \u00ed s\u00fdningarstj\u00f3rn Hei\u00f0ars K\u00e1ra Rannverssonar. \u00dear m\u00e1tti sj\u00e1 skrautleg m\u00e1lverk og sk\u00falpt\u00fara, fagurlega m\u00e1la\u00f0a\u00f0a veggfleti og s\u00e9rhanna\u00f0 veggf\u00f3\u00f0ur auk s\u00fdningarbor\u00f0a me\u00f0 einst\u00f6ku serv\u00edettusafni.<\/p>\n\n\n\n<p>Verki\u00f0 samanstendur af h\u00e1lfhringjum \u00far sev\u00edettum \u00fear sem annar er st\u00e6rri en hinn. \u00c1 serv\u00e9ttufl\u00f6tinn hefur veri\u00f0 ra\u00f0a\u00f0 skeljum og rafi, allt fest me\u00f0 epox\u00fd. Verki\u00f0 er 25 x 25 cm a\u00f0 st\u00e6r\u00f0. H\u00fan velur v\u00edsvitandi i\u00f0na\u00f0arefni til a\u00f0 fanga s\u00f6fn s\u00edn.<\/p>\n\n\n\n<p>S\u00f3ley Ragnarsd\u00f3ttir skapar verk sem eru hnettir safna\u00f0ra hluta. Verk hennar eiga uppruna sinn \u00ed serv\u00e9ttusafni sem h\u00fan erf\u00f0i fr\u00e1 \u00f6mmu sinni. Amma S\u00f3leyjar byrja\u00f0i a\u00f0 safna serv\u00e9ttum \u00feegar h\u00fan vann \u00e1 H\u00f3tel S\u00f6gu \u00e1 fimmta \u00e1ratugnum og safni\u00f0 \u00f3x me\u00f0 hverri veislu \u00fear til n\u00e6sta kynsl\u00f3\u00f0 t\u00f3k vi\u00f0. Safni\u00f0 ber vitnisbur\u00f0 um f\u00e9lagsl\u00edf og fj\u00f6lskyldub\u00f6nd. Fyrir S\u00f3leyju, sem er f\u00e6dd \u00e1 \u00cdslandi en fluttist me\u00f0 foreldrum s\u00ednum af landi brott barn a\u00f0 aldri, felur serv\u00e9ttusafni\u00f0 \u00ed s\u00e9r aukna merkingu. Safni\u00f0 er efnivi\u00f0ur hennar til a\u00f0 geta \u00ed \u00fe\u00e6r ey\u00f0ur sem fjarb\u00fa\u00f0 vi\u00f0 st\u00f3rfj\u00f6lskylduna skapa\u00f0i. Serv\u00e9tturnar eru v\u00edsar a\u00f0 \u00feeim veislum sem h\u00fan missti af, \u00feeim samb\u00f6ndum sem n\u00e1\u00f0u ekki a\u00f0 \u00fer\u00f3ast og \u00feeim samt\u00f6lum sem ekki ur\u00f0u. \u00de\u00e6r eru \u00fe\u00f3 einnig \u00e1minning um \u00fe\u00e6r stundir sem h\u00fan \u00e1tti me\u00f0 \u00f6mmu sinni, \u00fev\u00ed sambandi sem n\u00e1\u00f0i a\u00f0 skapast \u00fer\u00e1tt fyrir fjarveru og minningar af sta\u00f0 og stund.<\/p>\n\n\n\n<p>S\u00f3ley Ragnarsd\u00f3ttir (f. 1991) er d\u00f6nsk-\u00edslensk myndlistarkona b\u00fasett \u00ed Stenbjerg, Thy \u00ed Danm\u00f6rku. H\u00fan lauk meistarapr\u00f3fi fr\u00e1 St\u00e4delschule \u00ed Frankfurt, \u00de\u00fdskalandi \u00e1ri\u00f0 2019 undir handlei\u00f0slu Amy Sillman, Monika Baer og Nikolas Gambaroff. R\u00e6tur S\u00f3leyjar liggja til \u00cdslands en Danm\u00f6rk er heima.<\/p>\n","protected":false},"featured_media":26161,"template":"","artwork-category":[211],"artists":[371],"class_list":["post-26160","artwork","type-artwork","status-publish","has-post-thumbnail","hentry","artwork-category-safneign","artists-soley-ragnarsdottir"],"acf":[],"_links":{"self":[{"href":"https:\/\/gerdarsafn.kopavogur.is\/en\/wp-json\/wp\/v2\/artwork\/26160","targetHints":{"allow":["GET"]}}],"collection":[{"href":"https:\/\/gerdarsafn.kopavogur.is\/en\/wp-json\/wp\/v2\/artwork"}],"about":[{"href":"https:\/\/gerdarsafn.kopavogur.is\/en\/wp-json\/wp\/v2\/types\/artwork"}],"version-history":[{"count":1,"href":"https:\/\/gerdarsafn.kopavogur.is\/en\/wp-json\/wp\/v2\/artwork\/26160\/revisions"}],"predecessor-version":[{"id":26162,"href":"https:\/\/gerdarsafn.kopavogur.is\/en\/wp-json\/wp\/v2\/artwork\/26160\/revisions\/26162"}],"wp:featuredmedia":[{"embeddable":true,"href":"https:\/\/gerdarsafn.kopavogur.is\/en\/wp-json\/wp\/v2\/media\/26161"}],"wp:attachment":[{"href":"https:\/\/gerdarsafn.kopavogur.is\/en\/wp-json\/wp\/v2\/media?parent=26160"}],"wp:term":[{"taxonomy":"artwork-category","embeddable":true,"href":"https:\/\/gerdarsafn.kopavogur.is\/en\/wp-json\/wp\/v2\/artwork-category?post=26160"},{"taxonomy":"artists","embeddable":true,"href":"https:\/\/gerdarsafn.kopavogur.is\/en\/wp-json\/wp\/v2\/artists?post=26160"}],"curies":[{"name":"wp","href":"https:\/\/api.w.org\/{rel}","templated":true}]}}

<p>Sumarið 2024 var haldin einkasýning á verkum Sóleyjar á Gerðarsafni í sýningarstjórn Heiðars Kára Rannverssonar. Þar mátti sjá skrautleg málverk og skúlptúra, fagurlega málaðaða veggfleti og sérhannað veggfóður auk sýningarborða með einstöku servíettusafni.</p>



<p>Verkið samanstendur af hálfhringjum úr sevíettum þar sem annar er stærri en hinn. Á servéttuflötinn hefur verið raðað skeljum og rafi, allt fest með epoxý. Verkið er 25 x 25 cm að stærð. Hún velur vísvitandi iðnaðarefni til að fanga söfn sín.</p>



<p>Sóley Ragnarsdóttir skapar verk sem eru hnettir safnaðra hluta. Verk hennar eiga uppruna sinn í servéttusafni sem hún erfði frá ömmu sinni. Amma Sóleyjar byrjaði að safna servéttum þegar hún vann á Hótel Sögu á fimmta áratugnum og safnið óx með hverri veislu þar til næsta kynslóð tók við. Safnið ber vitnisburð um félagslíf og fjölskyldubönd. Fyrir Sóleyju, sem er fædd á Íslandi en fluttist með foreldrum sínum af landi brott barn að aldri, felur servéttusafnið í sér aukna merkingu. Safnið er efniviður hennar til að geta í þær eyður sem fjarbúð við stórfjölskylduna skapaði. Servétturnar eru vísar að þeim veislum sem hún missti af, þeim samböndum sem náðu ekki að þróast og þeim samtölum sem ekki urðu. Þær eru þó einnig áminning um þær stundir sem hún átti með ömmu sinni, því sambandi sem náði að skapast þrátt fyrir fjarveru og minningar af stað og stund.</p>



<p>Sóley Ragnarsdóttir (f. 1991) er dönsk-íslensk myndlistarkona búsett í Stenbjerg, Thy í Danmörku. Hún lauk meistaraprófi frá Städelschule í Frankfurt, Þýskalandi árið 2019 undir handleiðslu Amy Sillman, Monika Baer og Nikolas Gambaroff. Rætur Sóleyjar liggja til Íslands en Danmörk er heima.</p>
