{"id":22313,"date":"2022-08-04T11:03:11","date_gmt":"2022-08-04T11:03:11","guid":{"rendered":"https:\/\/gerdarsafn.kopavogur.is\/event\/gerdur\/"},"modified":"2022-08-04T11:03:11","modified_gmt":"2022-08-04T11:03:11","slug":"gerdur","status":"publish","type":"event","link":"https:\/\/gerdarsafn.kopavogur.is\/en\/event\/gerdur\/","title":{"rendered":"GER\u00d0UR"},"content":{"rendered":"<p>The exhibition GER\u00d0UR will focus on Ger\u00f0ur Helgad\u00f3ttir\u2018s iron sculptures from the 50\u2018s. Ger\u00f0ur was the first Icelandic aritst to use iron in her artwork and was pioneer of three-dimensional abstract art in Iceland. The exhibition is an extention of the exhibiton GER\u00d0UR: retrospective, held in 2018. Ger\u00f0ur\u2018s creativity and experimental nature is an\u00a0inspiration for the museum&#8217;s artistic operations and reflects its unique position of being the only museum founded in honor of a female artist.<\/p>\n<p>The one woman band; DJ flugv\u00e9l og geimskip will perform in Ger\u00f0arsafn at the opening event.<\/p>\n","protected":false},"excerpt":{"rendered":"<p>The exhibition GER\u00d0UR will focus on Ger\u00f0ur Helgad\u00f3ttir\u2018s iron sculptures from the 50\u2018s. Ger\u00f0ur was the first Icelandic aritst to use iron in her artwork and was pioneer of three-dimensional abstract art in Iceland. The exhibition is an extention of the exhibiton GER\u00d0UR: retrospective, held in 2018. Ger\u00f0ur\u2018s creativity and experimental nature is an\u00a0inspiration for [&hellip;]<\/p>\n","protected":false},"author":1,"featured_media":18334,"template":"","cultural_house":[229],"event_category":[],"event_tag":[],"event_umbrella":[],"class_list":["post-22313","event","type-event","status-publish","has-post-thumbnail","hentry","cultural_house-gerdarsafn-art-museum"],"acf":{"short_title":"","location":"","event_type":"exhibition","price":"","start_date":"17.01.2020","start_time":"","end_date":"21.06.2020","end_time":"","multiday_schedule":false,"all_day_event":true,"action_button_text":"","action_button_link":"","photo_gallery":false,"embeddables":[{"title":"","code":""}],"attachments":false,"related_events":"","video_cover":"","artists":[{"artist_name":"Ger\u00f0ur Helgad\u00f3ttir"}],"curator":"","pdf_cover":false,"pdf_file":false,"umfjollun":"","performers":false},"_links":{"self":[{"href":"https:\/\/gerdarsafn.kopavogur.is\/en\/wp-json\/wp\/v2\/event\/22313","targetHints":{"allow":["GET"]}}],"collection":[{"href":"https:\/\/gerdarsafn.kopavogur.is\/en\/wp-json\/wp\/v2\/event"}],"about":[{"href":"https:\/\/gerdarsafn.kopavogur.is\/en\/wp-json\/wp\/v2\/types\/event"}],"author":[{"embeddable":true,"href":"https:\/\/gerdarsafn.kopavogur.is\/en\/wp-json\/wp\/v2\/users\/1"}],"version-history":[{"count":0,"href":"https:\/\/gerdarsafn.kopavogur.is\/en\/wp-json\/wp\/v2\/event\/22313\/revisions"}],"wp:featuredmedia":[{"embeddable":true,"href":"https:\/\/gerdarsafn.kopavogur.is\/en\/wp-json\/wp\/v2\/media\/18334"}],"wp:attachment":[{"href":"https:\/\/gerdarsafn.kopavogur.is\/en\/wp-json\/wp\/v2\/media?parent=22313"}],"wp:term":[{"taxonomy":"cultural_house","embeddable":true,"href":"https:\/\/gerdarsafn.kopavogur.is\/en\/wp-json\/wp\/v2\/cultural_house?post=22313"},{"taxonomy":"event_category","embeddable":true,"href":"https:\/\/gerdarsafn.kopavogur.is\/en\/wp-json\/wp\/v2\/event_category?post=22313"},{"taxonomy":"event_tag","embeddable":true,"href":"https:\/\/gerdarsafn.kopavogur.is\/en\/wp-json\/wp\/v2\/event_tag?post=22313"},{"taxonomy":"event_umbrella","embeddable":true,"href":"https:\/\/gerdarsafn.kopavogur.is\/en\/wp-json\/wp\/v2\/event_umbrella?post=22313"}],"curies":[{"name":"wp","href":"https:\/\/api.w.org\/{rel}","templated":true}]}}

GERÐUR

<p>The exhibition GERÐUR will focus on Gerður Helgadóttir‘s iron sculptures from the 50‘s. Gerður was the first Icelandic aritst to use iron in her artwork and was pioneer of three-dimensional abstract art in Iceland. The exhibition is an extention of the exhibiton GERÐUR: retrospective, held in 2018. Gerður‘s creativity and experimental nature is an inspiration for the museum&#8217;s artistic operations and reflects its unique position of being the only museum founded in honor of a female artist.</p>
<p>The one woman band; DJ flugvél og geimskip will perform in Gerðarsafn at the opening event.</p>

<p>The exhibition GERÐUR will focus on Gerður Helgadóttir‘s iron sculptures from the 50‘s. Gerður was the first Icelandic aritst to use iron in her artwork and was pioneer of three-dimensional abstract art in Iceland. The exhibition is an extention of the exhibiton GERÐUR: retrospective, held in 2018. Gerður‘s creativity and experimental nature is an inspiration for [&hellip;]</p>

Gerður Helgadóttir
