{"id":22966,"date":"2023-09-13T15:24:20","date_gmt":"2023-09-13T15:24:20","guid":{"rendered":"https:\/\/gerdarsafn.kopavogur.is\/?post_type=event&#038;p=22966"},"modified":"2023-09-13T15:31:17","modified_gmt":"2023-09-13T15:31:17","slug":"syningar-1997","status":"publish","type":"event","link":"https:\/\/gerdarsafn.kopavogur.is\/en\/event\/syningar-1997\/","title":{"rendered":"S\u00fdningar 1997"},"content":{"rendered":"\n<p><em>11. jan\u00faar til 2. febr\u00faar 1997<\/em><\/p>\n\n\n\n<p>Austursalur, vestursalur og ne\u00f0ri h\u00e6\u00f0:<\/p>\n\n\n\n<p><strong>BLA\u00d0ALJ\u00d3SMYNDIR 1996. svipmyndir \u00far 100 \u00e1ra<\/strong> <strong>s\u00f6gu bla\u00f0alj\u00f3smyndunar \u00e1 \u00cdslandi<\/strong>. Lj\u00f3smyndas\u00fdning Bla\u00f0amannaf\u00e9lags \u00cdslands og Bla\u00f0alj\u00f3smyndaraf\u00e9lags \u00cdslands.<\/p>\n\n\n\n<p><em>8. febr\u00faar til 2. mars 1997<\/em><\/p>\n\n\n\n<p>Austursalur:<\/p>\n\n\n\n<p><strong>\u00der\u00edv\u00ed\u00f0 verk og teikningar. <\/strong>Helgi G\u00edslason. Sk\u00falpt\u00far og teikningar.<\/p>\n\n\n\n<p>Vestursalur:<\/p>\n\n\n\n<p><strong>M\u00e1lverk og \u00fer\u00edv\u00ed\u00f0 verk. <\/strong>\u00c1sd\u00eds Sigur\u00fe\u00f3rsd\u00f3ttir.<\/p>\n\n\n\n<p>M\u00e1lverk, bl\u00f6ndu\u00f0 t\u00e6kni.<\/p>\n\n\n\n<p>Ne\u00f0ri h\u00e6\u00f0:<\/p>\n\n\n\n<p><strong>T\u00c1KNMYNDIR HUGANS \u2013 ST\u00d3LPAR. <\/strong>S\u00f3lveig Helga J\u00f3nasd\u00f3ttir. M\u00e1lverk.<\/p>\n\n\n\n<p><em>8. mars til 31. mars 1997<\/em><\/p>\n\n\n\n<p>Austursalur:<\/p>\n\n\n\n<p><strong>M\u00e1lverk.<\/strong> Eyj\u00f3lfur Einarsson. M\u00e1lverk.<\/p>\n\n\n\n<p>Vestursalur:<\/p>\n\n\n\n<p><strong>M\u00e1lverk.<\/strong> J\u00f3n Axel Bj\u00f6rnsson. M\u00e1lverk og teikningar.<\/p>\n\n\n\n<p>Ne\u00f0ri h\u00e6\u00f0:<\/p>\n\n\n\n<p><strong>\u00c1TTA VERK FR\u00c1 1991 \u2013 1996. <\/strong>Sigr\u00fan \u00d3lafsd\u00f3tttir. \u00der\u00edv\u00ed\u00f0 verk.<\/p>\n\n\n\n<p><em>5. apr\u00edl til 27. apr\u00edl 1997<\/em><\/p>\n\n\n\n<p>Austursalur:<\/p>\n\n\n\n<p><strong>M\u00e1lverk.<\/strong> Sveinn Bj\u00f6rnsson.<\/p>\n\n\n\n<p>Vestursalur:<\/p>\n\n\n\n<p><strong>HORFT INN \u00cd.<\/strong> Helga Egilsd\u00f3ttir. M\u00e1lverk.<\/p>\n\n\n\n<p>Ne\u00f0ri h\u00e6\u00f0:<\/p>\n\n\n\n<p><strong>AF J\u00d6R\u00d0U. <\/strong>Gr\u00e9ta Mj\u00f6ll Bjarnad\u00f3ttir. Grafik. Kopar\u00e6ting.<\/p>\n\n\n\n<p><em>1. ma\u00ed til 8. j\u00fan\u00ed 1997<\/em><\/p>\n\n\n\n<p>Austursalur, vestursalur og ne\u00f0ri h\u00e6\u00f0:<\/p>\n\n\n\n<p><strong>LE FEU \u2013 ELDURINN.<\/strong> Anna Eva Bergman. M\u00e1lverk og teikningar 1949 \u2013 1987. S\u00fdning \u00ed samvinnu L. K. og Hartung &#8211; Bergman stofnunarinnar \u00ed Antibe \u00ed Frakklandi, Sonja Heine safnsins og norska sendir\u00e1\u00f0sins.<\/p>\n\n\n\n<p><em>14. j\u00fan\u00ed til 6. j\u00fal\u00ed 1997<\/em><\/p>\n\n\n\n<p>Austursalur:<\/p>\n\n\n\n<p><strong>BROT AF FORNUM ARFI. <\/strong>\u00c1sa \u00d3lafsd\u00f3ttir. Text\u00edll, bl\u00f6ndu\u00f0 t\u00e6kni.<\/p>\n\n\n\n<p>Vestursalur:<\/p>\n\n\n\n<p><strong>M\u00e1lverk. <\/strong>Sigurbj\u00f6rn J\u00f3nsson.<\/p>\n\n\n\n<p>Ne\u00f0ri h\u00e6\u00f0:<\/p>\n\n\n\n<p><strong>LIST HUGANS. <\/strong>Ir\u00eds Elfa Fri\u00f0riksd\u00f3ttir. \u00der\u00edv\u00ed\u00f0 verk, innsetning.<\/p>\n\n\n\n<p><em>10. j\u00fal\u00ed til 24. \u00e1g\u00fast 1997<\/em><\/p>\n\n\n\n<p>Austursalur, vestursalur og ne\u00f0ri h\u00e6\u00f0:<\/p>\n\n\n\n<p><strong>FJARVERA- N\u00c6RVERA&nbsp; \/ ABCENCE \u2013 PRESENCE. <\/strong>Christine Borland, Kristj\u00e1n Gu\u00f0mundsson og Juliao Sarmento.<\/p>\n\n\n\n<p>S\u00fdningarstj\u00f3ri Michaael Tarantino. S\u00fdningin var styrkt af&nbsp; \u00edslenska menntam\u00e1lar\u00e1\u00f0uneytinu, The British Council og fleiri a\u00f0ilum.<\/p>\n\n\n\n<p><em>30. \u00e1g\u00fast til 21. september 1997<\/em><\/p>\n\n\n\n<p>Austursalur:<\/p>\n\n\n\n<p><strong>TILEINKUN.&nbsp; <\/strong>Krist\u00edn J\u00f3nsd\u00f3ttir. Text\u00edll.<\/p>\n\n\n\n<p>Vestursalur:<\/p>\n\n\n\n<p><strong>Text\u00edll.<\/strong> M\u00e1lfr\u00ed\u00f0ur A\u00f0alsteinsd\u00f3ttir.<\/p>\n\n\n\n<p>Ne\u00f0ri h\u00e6\u00f0:<\/p>\n\n\n\n<p><strong>Leirlist.<\/strong> Ragna Ingimundard\u00f3ttir.<\/p>\n\n\n\n<p><em>27. september til 2. n\u00f3vember 1997<\/em><\/p>\n\n\n\n<p>Austursalur, vestursalur og ne\u00f0ri h\u00e6\u00f0:<\/p>\n\n\n\n<p><strong>UMHVERFIS&nbsp; FEGUR\u00d0INA&nbsp; \/&nbsp; HOMMAGES TO BEAUTY. <\/strong>Helgi \u00deorgils Fri\u00f0j\u00f3nsson, Kristinn G. Har\u00f0arson, Eggert P\u00e9tursson. M\u00e1lverk.<\/p>\n\n\n\n<p>S\u00fdningarstj\u00f3ri Gu\u00f0bj\u00f6rg Kristj\u00e1nsd\u00f3ttir.<\/p>\n\n\n\n<p><em>8. n\u00f3vember til 21. desember 1997<\/em><\/p>\n\n\n\n<p>Austursalur og vestursalur:<\/p>\n\n\n\n<p><strong>N\u00dd A\u00d0F\u00d6NG. <\/strong>Innkaup myndlistar \u00e1 vegum safnsins.<\/p>\n\n\n\n<p>Ne\u00f0ri h\u00e6\u00f0:<\/p>\n\n\n\n<p><strong>Leirlist.<\/strong> Gu\u00f0n\u00fd Magn\u00fasd\u00f3ttir.<\/p>\n","protected":false},"excerpt":{"rendered":"<p>11. jan\u00faar til 2. febr\u00faar 1997 Austursalur, vestursalur og ne\u00f0ri h\u00e6\u00f0: BLA\u00d0ALJ\u00d3SMYNDIR 1996. svipmyndir \u00far 100 \u00e1ra s\u00f6gu bla\u00f0alj\u00f3smyndunar \u00e1 \u00cdslandi. Lj\u00f3smyndas\u00fdning Bla\u00f0amannaf\u00e9lags \u00cdslands og Bla\u00f0alj\u00f3smyndaraf\u00e9lags \u00cdslands. 8. febr\u00faar til 2. mars 1997 Austursalur: \u00der\u00edv\u00ed\u00f0 verk og teikningar. Helgi G\u00edslason. Sk\u00falpt\u00far og teikningar. Vestursalur: M\u00e1lverk og \u00fer\u00edv\u00ed\u00f0 verk. \u00c1sd\u00eds Sigur\u00fe\u00f3rsd\u00f3ttir. M\u00e1lverk, bl\u00f6ndu\u00f0 t\u00e6kni. Ne\u00f0ri h\u00e6\u00f0: [&hellip;]<\/p>\n","protected":false},"author":0,"featured_media":22963,"template":"","cultural_house":[214],"event_category":[271],"event_tag":[],"event_umbrella":[],"class_list":["post-22966","event","type-event","status-publish","has-post-thumbnail","hentry","cultural_house-gerdarsafn-en","event_category-eldri-syningar"],"acf":{"short_title":"","location":"Ger\u00f0arsafn","event_type":"exhibition","price":"","start_date":"01.01.1997","start_time":"","end_date":"31.12.1997","end_time":"","multiday_schedule":false,"all_day_event":false,"action_button_text":"","action_button_link":"","photo_gallery":false,"embeddables":false,"attachments":false,"related_events":null,"video_cover":"","artists":false,"curator":"","pdf_cover":false,"pdf_file":false,"umfjollun":"","performers":false},"_links":{"self":[{"href":"https:\/\/gerdarsafn.kopavogur.is\/en\/wp-json\/wp\/v2\/event\/22966","targetHints":{"allow":["GET"]}}],"collection":[{"href":"https:\/\/gerdarsafn.kopavogur.is\/en\/wp-json\/wp\/v2\/event"}],"about":[{"href":"https:\/\/gerdarsafn.kopavogur.is\/en\/wp-json\/wp\/v2\/types\/event"}],"version-history":[{"count":0,"href":"https:\/\/gerdarsafn.kopavogur.is\/en\/wp-json\/wp\/v2\/event\/22966\/revisions"}],"wp:featuredmedia":[{"embeddable":true,"href":"https:\/\/gerdarsafn.kopavogur.is\/en\/wp-json\/wp\/v2\/media\/22963"}],"wp:attachment":[{"href":"https:\/\/gerdarsafn.kopavogur.is\/en\/wp-json\/wp\/v2\/media?parent=22966"}],"wp:term":[{"taxonomy":"cultural_house","embeddable":true,"href":"https:\/\/gerdarsafn.kopavogur.is\/en\/wp-json\/wp\/v2\/cultural_house?post=22966"},{"taxonomy":"event_category","embeddable":true,"href":"https:\/\/gerdarsafn.kopavogur.is\/en\/wp-json\/wp\/v2\/event_category?post=22966"},{"taxonomy":"event_tag","embeddable":true,"href":"https:\/\/gerdarsafn.kopavogur.is\/en\/wp-json\/wp\/v2\/event_tag?post=22966"},{"taxonomy":"event_umbrella","embeddable":true,"href":"https:\/\/gerdarsafn.kopavogur.is\/en\/wp-json\/wp\/v2\/event_umbrella?post=22966"}],"curies":[{"name":"wp","href":"https:\/\/api.w.org\/{rel}","templated":true}]}}

Sýningar 1997

<p><em>11. janúar til 2. febrúar 1997</em></p>



<p>Austursalur, vestursalur og neðri hæð:</p>



<p><strong>BLAÐALJÓSMYNDIR 1996. svipmyndir úr 100 ára</strong> <strong>sögu blaðaljósmyndunar á Íslandi</strong>. Ljósmyndasýning Blaðamannafélags Íslands og Blaðaljósmyndarafélags Íslands.</p>



<p><em>8. febrúar til 2. mars 1997</em></p>



<p>Austursalur:</p>



<p><strong>Þrívíð verk og teikningar. </strong>Helgi Gíslason. Skúlptúr og teikningar.</p>



<p>Vestursalur:</p>



<p><strong>Málverk og þrívíð verk. </strong>Ásdís Sigurþórsdóttir.</p>



<p>Málverk, blönduð tækni.</p>



<p>Neðri hæð:</p>



<p><strong>TÁKNMYNDIR HUGANS – STÓLPAR. </strong>Sólveig Helga Jónasdóttir. Málverk.</p>



<p><em>8. mars til 31. mars 1997</em></p>



<p>Austursalur:</p>



<p><strong>Málverk.</strong> Eyjólfur Einarsson. Málverk.</p>



<p>Vestursalur:</p>



<p><strong>Málverk.</strong> Jón Axel Björnsson. Málverk og teikningar.</p>



<p>Neðri hæð:</p>



<p><strong>ÁTTA VERK FRÁ 1991 – 1996. </strong>Sigrún Ólafsdótttir. Þrívíð verk.</p>



<p><em>5. apríl til 27. apríl 1997</em></p>



<p>Austursalur:</p>



<p><strong>Málverk.</strong> Sveinn Björnsson.</p>



<p>Vestursalur:</p>



<p><strong>HORFT INN Í.</strong> Helga Egilsdóttir. Málverk.</p>



<p>Neðri hæð:</p>



<p><strong>AF JÖRÐU. </strong>Gréta Mjöll Bjarnadóttir. Grafik. Koparæting.</p>



<p><em>1. maí til 8. júní 1997</em></p>



<p>Austursalur, vestursalur og neðri hæð:</p>



<p><strong>LE FEU – ELDURINN.</strong> Anna Eva Bergman. Málverk og teikningar 1949 – 1987. Sýning í samvinnu L. K. og Hartung &#8211; Bergman stofnunarinnar í Antibe í Frakklandi, Sonja Heine safnsins og norska sendiráðsins.</p>



<p><em>14. júní til 6. júlí 1997</em></p>



<p>Austursalur:</p>



<p><strong>BROT AF FORNUM ARFI. </strong>Ása Ólafsdóttir. Textíll, blönduð tækni.</p>



<p>Vestursalur:</p>



<p><strong>Málverk. </strong>Sigurbjörn Jónsson.</p>



<p>Neðri hæð:</p>



<p><strong>LIST HUGANS. </strong>Irís Elfa Friðriksdóttir. Þrívíð verk, innsetning.</p>



<p><em>10. júlí til 24. ágúst 1997</em></p>



<p>Austursalur, vestursalur og neðri hæð:</p>



<p><strong>FJARVERA- NÆRVERA&nbsp; / ABCENCE – PRESENCE. </strong>Christine Borland, Kristján Guðmundsson og Juliao Sarmento.</p>



<p>Sýningarstjóri Michaael Tarantino. Sýningin var styrkt af&nbsp; íslenska menntamálaráðuneytinu, The British Council og fleiri aðilum.</p>



<p><em>30. ágúst til 21. september 1997</em></p>



<p>Austursalur:</p>



<p><strong>TILEINKUN.&nbsp; </strong>Kristín Jónsdóttir. Textíll.</p>



<p>Vestursalur:</p>



<p><strong>Textíll.</strong> Málfríður Aðalsteinsdóttir.</p>



<p>Neðri hæð:</p>



<p><strong>Leirlist.</strong> Ragna Ingimundardóttir.</p>



<p><em>27. september til 2. nóvember 1997</em></p>



<p>Austursalur, vestursalur og neðri hæð:</p>



<p><strong>UMHVERFIS&nbsp; FEGURÐINA&nbsp; /&nbsp; HOMMAGES TO BEAUTY. </strong>Helgi Þorgils Friðjónsson, Kristinn G. Harðarson, Eggert Pétursson. Málverk.</p>



<p>Sýningarstjóri Guðbjörg Kristjánsdóttir.</p>



<p><em>8. nóvember til 21. desember 1997</em></p>



<p>Austursalur og vestursalur:</p>



<p><strong>NÝ AÐFÖNG. </strong>Innkaup myndlistar á vegum safnsins.</p>



<p>Neðri hæð:</p>



<p><strong>Leirlist.</strong> Guðný Magnúsdóttir.</p>

<p>11. janúar til 2. febrúar 1997 Austursalur, vestursalur og neðri hæð: BLAÐALJÓSMYNDIR 1996. svipmyndir úr 100 ára sögu blaðaljósmyndunar á Íslandi. Ljósmyndasýning Blaðamannafélags Íslands og Blaðaljósmyndarafélags Íslands. 8. febrúar til 2. mars 1997 Austursalur: Þrívíð verk og teikningar. Helgi Gíslason. Skúlptúr og teikningar. Vestursalur: Málverk og þrívíð verk. Ásdís Sigurþórsdóttir. Málverk, blönduð tækni. Neðri hæð: [&hellip;]</p>

Gerðarsafn
