{"id":23923,"date":"2024-01-09T12:47:32","date_gmt":"2024-01-09T12:47:32","guid":{"rendered":"https:\/\/gerdarsafn.kopavogur.is\/?post_type=event&#038;p=23923"},"modified":"2024-01-09T12:52:15","modified_gmt":"2024-01-09T12:52:15","slug":"syningarsalir-lokadir-a-efri-haed-2","status":"publish","type":"event","link":"https:\/\/gerdarsafn.kopavogur.is\/en\/event\/syningarsalir-lokadir-a-efri-haed-2\/","title":{"rendered":"Exhibition halls on the second floor are closed"},"content":{"rendered":"\n<p>Exhibition halls on the second floor are closed as the exhibition Sculpture\/Sculpture is being taken down. <\/p>\n\n\n\n<p>The exhibition Ordinary Places will open on January 13th where \u00cdvar Brynj\u00f3lfsson\u2019s photos are engaged in a dialogue with the works of Emma Hei\u00f0arsd\u00f3ttir, Haraldur J\u00f3nsson, Joe Keys and Tine Bek.<\/p>\n","protected":false},"excerpt":{"rendered":"<p>Exhibition halls on the second floor are closed as the exhibition Sculpture\/Sculpture is being taken down. The exhibition Ordinary Places will open on January 13th where \u00cdvar Brynj\u00f3lfsson\u2019s photos are engaged in a dialogue with the works of Emma Hei\u00f0arsd\u00f3ttir, Haraldur J\u00f3nsson, Joe Keys and Tine Bek.<\/p>\n","protected":false},"author":0,"featured_media":23921,"template":"","cultural_house":[214],"event_category":[],"event_tag":[],"event_umbrella":[],"class_list":["post-23923","event","type-event","status-publish","has-post-thumbnail","hentry","cultural_house-gerdarsafn-en"],"acf":{"short_title":"Exhibition halls on the second floor are closed","location":"","event_type":"exhibition","price":"","start_date":"08.01.2024","start_time":"","end_date":"12.01.2024","end_time":"","multiday_schedule":false,"all_day_event":false,"action_button_text":"","action_button_link":"","photo_gallery":false,"embeddables":false,"attachments":false,"related_events":"","video_cover":"","artists":false,"curator":"","pdf_cover":false,"pdf_file":false,"umfjollun":"","performers":false},"_links":{"self":[{"href":"https:\/\/gerdarsafn.kopavogur.is\/en\/wp-json\/wp\/v2\/event\/23923","targetHints":{"allow":["GET"]}}],"collection":[{"href":"https:\/\/gerdarsafn.kopavogur.is\/en\/wp-json\/wp\/v2\/event"}],"about":[{"href":"https:\/\/gerdarsafn.kopavogur.is\/en\/wp-json\/wp\/v2\/types\/event"}],"version-history":[{"count":0,"href":"https:\/\/gerdarsafn.kopavogur.is\/en\/wp-json\/wp\/v2\/event\/23923\/revisions"}],"wp:featuredmedia":[{"embeddable":true,"href":"https:\/\/gerdarsafn.kopavogur.is\/en\/wp-json\/wp\/v2\/media\/23921"}],"wp:attachment":[{"href":"https:\/\/gerdarsafn.kopavogur.is\/en\/wp-json\/wp\/v2\/media?parent=23923"}],"wp:term":[{"taxonomy":"cultural_house","embeddable":true,"href":"https:\/\/gerdarsafn.kopavogur.is\/en\/wp-json\/wp\/v2\/cultural_house?post=23923"},{"taxonomy":"event_category","embeddable":true,"href":"https:\/\/gerdarsafn.kopavogur.is\/en\/wp-json\/wp\/v2\/event_category?post=23923"},{"taxonomy":"event_tag","embeddable":true,"href":"https:\/\/gerdarsafn.kopavogur.is\/en\/wp-json\/wp\/v2\/event_tag?post=23923"},{"taxonomy":"event_umbrella","embeddable":true,"href":"https:\/\/gerdarsafn.kopavogur.is\/en\/wp-json\/wp\/v2\/event_umbrella?post=23923"}],"curies":[{"name":"wp","href":"https:\/\/api.w.org\/{rel}","templated":true}]}}

<p>Exhibition halls on the second floor are closed as the exhibition Sculpture/Sculpture is being taken down. </p>



<p>The exhibition Ordinary Places will open on January 13th where Ívar Brynjólfsson’s photos are engaged in a dialogue with the works of Emma Heiðarsdóttir, Haraldur Jónsson, Joe Keys and Tine Bek.</p>

<p>Exhibition halls on the second floor are closed as the exhibition Sculpture/Sculpture is being taken down. The exhibition Ordinary Places will open on January 13th where Ívar Brynjólfsson’s photos are engaged in a dialogue with the works of Emma Heiðarsdóttir, Haraldur Jónsson, Joe Keys and Tine Bek.</p>
