{"id":24727,"date":"2024-09-03T15:21:42","date_gmt":"2024-09-03T15:21:42","guid":{"rendered":"https:\/\/gerdarsafn.kopavogur.is\/event\/in-search-of-space-symposium-in-gerdarsafn\/"},"modified":"2024-09-03T15:21:42","modified_gmt":"2024-09-03T15:21:42","slug":"in-search-of-space-symposium-in-gerdarsafn","status":"publish","type":"event","link":"https:\/\/gerdarsafn.kopavogur.is\/en\/event\/in-search-of-space-symposium-in-gerdarsafn\/","title":{"rendered":"In Search of Space &#8211; Symposium in Ger\u00f0arsafn"},"content":{"rendered":"\n<p>Symposium in Ger\u00f0arsafn in honour of the book, In Search of Space &#8211; Exploring the art of Ger\u00f0ur Helgad\u00f3ttir and the exhibition Transformation. The symposium will be held in Ger\u00f0arsafn K\u00f3pavogur Art Museum, Hamraborg 4, sunday 13th October from 1-3 p.m.<\/p>\n\n\n\n<p>All are welcome to attend!<\/p>\n\n\n\n<p>Speakers:<br>Benedikt Hjartarson<br>Brynja Sveinsd\u00f3ttir<br>Cecilie Gaihede<br>Hanna Gu\u00f0laug Gu\u00f0mundsd\u00f3ttir<br>\u00c6sa Sigurj\u00f3nsd\u00f3ttir<\/p>\n\n\n\n<p>Further information will be announced soon.<\/p>\n","protected":false},"excerpt":{"rendered":"<p>Symposium in Ger\u00f0arsafn in honour of the book, In Search of Space &#8211; Exploring the art of Ger\u00f0ur Helgad\u00f3ttir and the exhibition Transformation. The symposium will be held in Ger\u00f0arsafn K\u00f3pavogur Art Museum, Hamraborg 4, sunday 13th October from 1-3 p.m. All are welcome to attend! Speakers:Benedikt HjartarsonBrynja Sveinsd\u00f3ttirCecilie GaihedeHanna Gu\u00f0laug Gu\u00f0mundsd\u00f3ttir\u00c6sa Sigurj\u00f3nsd\u00f3ttir Further information [&hellip;]<\/p>\n","protected":false},"author":0,"featured_media":24726,"template":"","cultural_house":[214],"event_category":[],"event_tag":[],"event_umbrella":[],"class_list":["post-24727","event","type-event","status-publish","has-post-thumbnail","hentry","cultural_house-gerdarsafn-en"],"acf":{"short_title":"","location":"","event_type":"single","price":"","start_date":"13.10.2024","start_time":"13:00","end_date":"","end_time":"15:00","multiday_schedule":false,"all_day_event":false,"action_button_text":"","action_button_link":"","embeddables":false,"photo_gallery":false,"attachments":false,"related_events":"","video_cover":"","artists":false,"curator":"","pdf_cover":false,"pdf_file":false,"umfjollun":"","performers":false},"_links":{"self":[{"href":"https:\/\/gerdarsafn.kopavogur.is\/en\/wp-json\/wp\/v2\/event\/24727","targetHints":{"allow":["GET"]}}],"collection":[{"href":"https:\/\/gerdarsafn.kopavogur.is\/en\/wp-json\/wp\/v2\/event"}],"about":[{"href":"https:\/\/gerdarsafn.kopavogur.is\/en\/wp-json\/wp\/v2\/types\/event"}],"version-history":[{"count":0,"href":"https:\/\/gerdarsafn.kopavogur.is\/en\/wp-json\/wp\/v2\/event\/24727\/revisions"}],"wp:featuredmedia":[{"embeddable":true,"href":"https:\/\/gerdarsafn.kopavogur.is\/en\/wp-json\/wp\/v2\/media\/24726"}],"wp:attachment":[{"href":"https:\/\/gerdarsafn.kopavogur.is\/en\/wp-json\/wp\/v2\/media?parent=24727"}],"wp:term":[{"taxonomy":"cultural_house","embeddable":true,"href":"https:\/\/gerdarsafn.kopavogur.is\/en\/wp-json\/wp\/v2\/cultural_house?post=24727"},{"taxonomy":"event_category","embeddable":true,"href":"https:\/\/gerdarsafn.kopavogur.is\/en\/wp-json\/wp\/v2\/event_category?post=24727"},{"taxonomy":"event_tag","embeddable":true,"href":"https:\/\/gerdarsafn.kopavogur.is\/en\/wp-json\/wp\/v2\/event_tag?post=24727"},{"taxonomy":"event_umbrella","embeddable":true,"href":"https:\/\/gerdarsafn.kopavogur.is\/en\/wp-json\/wp\/v2\/event_umbrella?post=24727"}],"curies":[{"name":"wp","href":"https:\/\/api.w.org\/{rel}","templated":true}]}}

In Search of Space &#8211; Symposium in Gerðarsafn

<p>Symposium in Gerðarsafn in honour of the book, In Search of Space &#8211; Exploring the art of Gerður Helgadóttir and the exhibition Transformation. The symposium will be held in Gerðarsafn Kópavogur Art Museum, Hamraborg 4, sunday 13th October from 1-3 p.m.</p>



<p>All are welcome to attend!</p>



<p>Speakers:<br>Benedikt Hjartarson<br>Brynja Sveinsdóttir<br>Cecilie Gaihede<br>Hanna Guðlaug Guðmundsdóttir<br>Æsa Sigurjónsdóttir</p>



<p>Further information will be announced soon.</p>

<p>Symposium in Gerðarsafn in honour of the book, In Search of Space &#8211; Exploring the art of Gerður Helgadóttir and the exhibition Transformation. The symposium will be held in Gerðarsafn Kópavogur Art Museum, Hamraborg 4, sunday 13th October from 1-3 p.m. All are welcome to attend! Speakers:Benedikt HjartarsonBrynja SveinsdóttirCecilie GaihedeHanna Guðlaug GuðmundsdóttirÆsa Sigurjónsdóttir Further information [&hellip;]</p>
