{"id":24736,"date":"2024-09-09T11:19:24","date_gmt":"2024-09-09T11:19:24","guid":{"rendered":"https:\/\/gerdarsafn.kopavogur.is\/event\/in-the-spirit-of-gurdijeff-with-katrin-gunnarsdottir\/"},"modified":"2024-09-09T11:19:24","modified_gmt":"2024-09-09T11:19:24","slug":"in-the-spirit-of-gurdijeff-with-katrin-gunnarsdottir","status":"publish","type":"event","link":"https:\/\/gerdarsafn.kopavogur.is\/en\/event\/in-the-spirit-of-gurdijeff-with-katrin-gunnarsdottir\/","title":{"rendered":"In the spirit of Gurdijeff with Katr\u00edn Gunnarsd\u00f3ttir"},"content":{"rendered":"\n<p>Katr\u00edn Gunnarsd\u00f3ttir dancer and choreographer will lead a participatory event in movement in the spirit of Gurdjieff Thursday 26th September at 6 p.m. in Ger\u00f0arsafn. We recommend wearing comfortable clothes for movement.<\/p>\n\n\n\n<p>Ger\u00f0ur Helgad\u00f3ttir was extremely interested in spiritualism. She sought lectures on Gurdjieff&#8217;s teachings in Paris and studied spiritual movements where &#8220;the body as the link between the inner and the outer world&#8221;.<\/p>\n\n\n\n<p>This Thursday is Good Thursday and Ger\u00f0arsafn will be open until 9 p.m. and entrance is free. All are welcome!<\/p>\n","protected":false},"excerpt":{"rendered":"<p>Katr\u00edn Gunnarsd\u00f3ttir dancer and choreographer will lead a participatory event in movement in the spirit of Gurdjieff Thursday 26th September at 6 p.m. in Ger\u00f0arsafn. We recommend wearing comfortable clothes for movement. Ger\u00f0ur Helgad\u00f3ttir was extremely interested in spiritualism. She sought lectures on Gurdjieff&#8217;s teachings in Paris and studied spiritual movements where &#8220;the body as [&hellip;]<\/p>\n","protected":false},"author":0,"featured_media":24735,"template":"","cultural_house":[214],"event_category":[195],"event_tag":[],"event_umbrella":[196],"class_list":["post-24736","event","type-event","status-publish","has-post-thumbnail","hentry","cultural_house-gerdarsafn-en","event_category-gerdur","event_umbrella-gerdur"],"acf":{"short_title":"In the spirit of Gurdijeff","location":"Ger\u00f0arsafn","event_type":"single","price":"","start_date":"26.09.2024","start_time":"18:00","end_date":"26.09.2024","end_time":"19:00","multiday_schedule":false,"all_day_event":false,"action_button_text":"","action_button_link":"","embeddables":false,"photo_gallery":false,"attachments":false,"related_events":"","video_cover":"","artists":false,"curator":"","pdf_cover":false,"pdf_file":false,"umfjollun":"","performers":false},"_links":{"self":[{"href":"https:\/\/gerdarsafn.kopavogur.is\/en\/wp-json\/wp\/v2\/event\/24736","targetHints":{"allow":["GET"]}}],"collection":[{"href":"https:\/\/gerdarsafn.kopavogur.is\/en\/wp-json\/wp\/v2\/event"}],"about":[{"href":"https:\/\/gerdarsafn.kopavogur.is\/en\/wp-json\/wp\/v2\/types\/event"}],"version-history":[{"count":0,"href":"https:\/\/gerdarsafn.kopavogur.is\/en\/wp-json\/wp\/v2\/event\/24736\/revisions"}],"wp:featuredmedia":[{"embeddable":true,"href":"https:\/\/gerdarsafn.kopavogur.is\/en\/wp-json\/wp\/v2\/media\/24735"}],"wp:attachment":[{"href":"https:\/\/gerdarsafn.kopavogur.is\/en\/wp-json\/wp\/v2\/media?parent=24736"}],"wp:term":[{"taxonomy":"cultural_house","embeddable":true,"href":"https:\/\/gerdarsafn.kopavogur.is\/en\/wp-json\/wp\/v2\/cultural_house?post=24736"},{"taxonomy":"event_category","embeddable":true,"href":"https:\/\/gerdarsafn.kopavogur.is\/en\/wp-json\/wp\/v2\/event_category?post=24736"},{"taxonomy":"event_tag","embeddable":true,"href":"https:\/\/gerdarsafn.kopavogur.is\/en\/wp-json\/wp\/v2\/event_tag?post=24736"},{"taxonomy":"event_umbrella","embeddable":true,"href":"https:\/\/gerdarsafn.kopavogur.is\/en\/wp-json\/wp\/v2\/event_umbrella?post=24736"}],"curies":[{"name":"wp","href":"https:\/\/api.w.org\/{rel}","templated":true}]}}

In the spirit of Gurdijeff with Katrín Gunnarsdóttir

<p>Katrín Gunnarsdóttir dancer and choreographer will lead a participatory event in movement in the spirit of Gurdjieff Thursday 26th September at 6 p.m. in Gerðarsafn. We recommend wearing comfortable clothes for movement.</p>



<p>Gerður Helgadóttir was extremely interested in spiritualism. She sought lectures on Gurdjieff&#8217;s teachings in Paris and studied spiritual movements where &#8220;the body as the link between the inner and the outer world&#8221;.</p>



<p>This Thursday is Good Thursday and Gerðarsafn will be open until 9 p.m. and entrance is free. All are welcome!</p>

<p>Katrín Gunnarsdóttir dancer and choreographer will lead a participatory event in movement in the spirit of Gurdjieff Thursday 26th September at 6 p.m. in Gerðarsafn. We recommend wearing comfortable clothes for movement. Gerður Helgadóttir was extremely interested in spiritualism. She sought lectures on Gurdjieff&#8217;s teachings in Paris and studied spiritual movements where &#8220;the body as [&hellip;]</p>

Gerðarsafn
