{"id":25098,"date":"2025-02-07T13:56:12","date_gmt":"2025-02-07T13:56:12","guid":{"rendered":"https:\/\/gerdarsafn.kopavogur.is\/event\/performance-festival-line-1-museum-night\/"},"modified":"2025-02-07T14:00:05","modified_gmt":"2025-02-07T14:00:05","slug":"performance-festival-line-1-museum-night","status":"publish","type":"event","link":"https:\/\/gerdarsafn.kopavogur.is\/en\/event\/performance-festival-line-1-museum-night\/","title":{"rendered":"Performance Festival | Line #1 | Museum Night"},"content":{"rendered":"\n<p>Performance Festival I Line #1<\/p>\n\n\n\n<p>Welcome to the opening night of a performance festival by Ger\u00f0arsafn and Hamraborg Festival as part of Museum Night, 7. February at 9 \u2013 11 p.m. The event is the first in the performance festival that streaches over the whole year 2025. <\/p>\n\n\n\n<p>Artists of Performance Festival I Line #1:<\/p>\n\n\n\n<p>Hrefna Lind L\u00e1rusd\u00f3ttir<br>\u00c1sd\u00eds Sif Gunnarsd\u00f3ttir<br>Curro Rodriguez<br>Tara Nj\u00e1la Ingvarsd\u00f3ttir &amp; Silfr\u00fan Una Gu\u00f0laugsd\u00f3ttir<\/p>\n\n\n\n<p>Curation: Hamraborg Festival \/ Jo Pawlowska<\/p>\n","protected":false},"excerpt":{"rendered":"<p>Performance Festival I Line #1 Welcome to the opening night of a performance festival by Ger\u00f0arsafn and Hamraborg Festival as part of Museum Night, 7. February at 9 \u2013 11 p.m. The event is the first in the performance festival that streaches over the whole year 2025. Artists of Performance Festival I Line #1: Hrefna [&hellip;]<\/p>\n","protected":false},"author":0,"featured_media":25078,"template":"","cultural_house":[214],"event_category":[338],"event_tag":[47,342],"event_umbrella":[184,339],"class_list":["post-25098","event","type-event","status-publish","has-post-thumbnail","hentry","cultural_house-gerdarsafn-en","event_category-safnanott","event_tag-vetrarhatid","event_tag-safnanott","event_umbrella-vetrarhatid-i-kopavogi","event_umbrella-safnanott-07-02-2025"],"acf":{"short_title":"","location":"","event_type":"single","price":"","start_date":"07.02.2025","start_time":"21:00","end_date":"07.02.2025","end_time":"23:00","multiday_schedule":false,"all_day_event":false,"action_button_text":"","action_button_link":"","embeddables":false,"photo_gallery":false,"attachments":false,"related_events":"","video_cover":"","artists":false,"curator":"","pdf_cover":false,"pdf_file":false,"umfjollun":"","performers":false},"_links":{"self":[{"href":"https:\/\/gerdarsafn.kopavogur.is\/en\/wp-json\/wp\/v2\/event\/25098","targetHints":{"allow":["GET"]}}],"collection":[{"href":"https:\/\/gerdarsafn.kopavogur.is\/en\/wp-json\/wp\/v2\/event"}],"about":[{"href":"https:\/\/gerdarsafn.kopavogur.is\/en\/wp-json\/wp\/v2\/types\/event"}],"version-history":[{"count":0,"href":"https:\/\/gerdarsafn.kopavogur.is\/en\/wp-json\/wp\/v2\/event\/25098\/revisions"}],"wp:featuredmedia":[{"embeddable":true,"href":"https:\/\/gerdarsafn.kopavogur.is\/en\/wp-json\/wp\/v2\/media\/25078"}],"wp:attachment":[{"href":"https:\/\/gerdarsafn.kopavogur.is\/en\/wp-json\/wp\/v2\/media?parent=25098"}],"wp:term":[{"taxonomy":"cultural_house","embeddable":true,"href":"https:\/\/gerdarsafn.kopavogur.is\/en\/wp-json\/wp\/v2\/cultural_house?post=25098"},{"taxonomy":"event_category","embeddable":true,"href":"https:\/\/gerdarsafn.kopavogur.is\/en\/wp-json\/wp\/v2\/event_category?post=25098"},{"taxonomy":"event_tag","embeddable":true,"href":"https:\/\/gerdarsafn.kopavogur.is\/en\/wp-json\/wp\/v2\/event_tag?post=25098"},{"taxonomy":"event_umbrella","embeddable":true,"href":"https:\/\/gerdarsafn.kopavogur.is\/en\/wp-json\/wp\/v2\/event_umbrella?post=25098"}],"curies":[{"name":"wp","href":"https:\/\/api.w.org\/{rel}","templated":true}]}}

<p>Performance Festival I Line #1</p>



<p>Welcome to the opening night of a performance festival by Gerðarsafn and Hamraborg Festival as part of Museum Night, 7. February at 9 – 11 p.m. The event is the first in the performance festival that streaches over the whole year 2025. </p>



<p>Artists of Performance Festival I Line #1:</p>



<p>Hrefna Lind Lárusdóttir<br>Ásdís Sif Gunnarsdóttir<br>Curro Rodriguez<br>Tara Njála Ingvarsdóttir &amp; Silfrún Una Guðlaugsdóttir</p>



<p>Curation: Hamraborg Festival / Jo Pawlowska</p>

<p>Performance Festival I Line #1 Welcome to the opening night of a performance festival by Gerðarsafn and Hamraborg Festival as part of Museum Night, 7. February at 9 – 11 p.m. The event is the first in the performance festival that streaches over the whole year 2025. Artists of Performance Festival I Line #1: Hrefna [&hellip;]</p>
