{"id":25146,"date":"2025-02-26T13:23:13","date_gmt":"2025-02-26T13:23:13","guid":{"rendered":"https:\/\/gerdarsafn.kopavogur.is\/event\/performance-festival-line-2\/"},"modified":"2025-03-25T14:18:10","modified_gmt":"2025-03-25T14:18:10","slug":"performance-festival-line-2","status":"publish","type":"event","link":"https:\/\/gerdarsafn.kopavogur.is\/en\/event\/performance-festival-line-2\/","title":{"rendered":"Performance Festival | Line #2"},"content":{"rendered":"\n<p>All are welcome to attend the second night of the Performance Festival collaboration between Ger\u00f0arsafn and Hamraborg Festival Thursday 27th March in Ger\u00f0arsafn.<br>Artists performing:<br>I\u00f0unn G\u00edgja Kristj\u00e1nsd\u00f3ttir<br>Hugo Llanes<br>\u00d6rn Alexander \u00c1mundason<br>Steinunn Gunnlaugsd\u00f3ttir in collaboration with Snorri P\u00e1ll and Tryggvi R\u00fanar Brynjarsson<br>with interventions from students of The Reykjav\u00edk School of Visual Arts.<br><br>Curation: Hamraborg Festival \/ Agnes \u00c1rs\u00e6lsd\u00f3ttir.<br><br>This Thursday is Good Thursday and entrance to the exhibitions will be free from 6 p.m. Kr\u00f3nikan restaurant will be open too. All are welcome!<\/p>\n","protected":false},"excerpt":{"rendered":"<p>All are welcome to attend the second night of the Performance Festival collaboration between Ger\u00f0arsafn and Hamraborg Festival Thursday 27th March in Ger\u00f0arsafn.Artists performing:I\u00f0unn G\u00edgja Kristj\u00e1nsd\u00f3ttirHugo Llanes\u00d6rn Alexander \u00c1mundasonSteinunn Gunnlaugsd\u00f3ttir in collaboration with Snorri P\u00e1ll and Tryggvi R\u00fanar Brynjarssonwith interventions from students of The Reykjav\u00edk School of Visual Arts. Curation: Hamraborg Festival \/ Agnes \u00c1rs\u00e6lsd\u00f3ttir. [&hellip;]<\/p>\n","protected":false},"author":12,"featured_media":25141,"template":"","cultural_house":[214],"event_category":[],"event_tag":[],"event_umbrella":[],"class_list":["post-25146","event","type-event","status-publish","has-post-thumbnail","hentry","cultural_house-gerdarsafn-en"],"acf":{"short_title":"","location":"","event_type":"single","price":"","start_date":"27.03.2025","start_time":"20:00","end_date":"27.03.2025","end_time":"22:00","multiday_schedule":false,"all_day_event":false,"action_button_text":"","action_button_link":"","related_events":"","video_cover":"","artists":false,"curator":"","pdf_cover":false,"pdf_file":false,"umfjollun":"","performers":false,"color_override":false},"_links":{"self":[{"href":"https:\/\/gerdarsafn.kopavogur.is\/en\/wp-json\/wp\/v2\/event\/25146","targetHints":{"allow":["GET"]}}],"collection":[{"href":"https:\/\/gerdarsafn.kopavogur.is\/en\/wp-json\/wp\/v2\/event"}],"about":[{"href":"https:\/\/gerdarsafn.kopavogur.is\/en\/wp-json\/wp\/v2\/types\/event"}],"author":[{"embeddable":true,"href":"https:\/\/gerdarsafn.kopavogur.is\/en\/wp-json\/wp\/v2\/users\/12"}],"version-history":[{"count":0,"href":"https:\/\/gerdarsafn.kopavogur.is\/en\/wp-json\/wp\/v2\/event\/25146\/revisions"}],"wp:featuredmedia":[{"embeddable":true,"href":"https:\/\/gerdarsafn.kopavogur.is\/en\/wp-json\/wp\/v2\/media\/25141"}],"wp:attachment":[{"href":"https:\/\/gerdarsafn.kopavogur.is\/en\/wp-json\/wp\/v2\/media?parent=25146"}],"wp:term":[{"taxonomy":"cultural_house","embeddable":true,"href":"https:\/\/gerdarsafn.kopavogur.is\/en\/wp-json\/wp\/v2\/cultural_house?post=25146"},{"taxonomy":"event_category","embeddable":true,"href":"https:\/\/gerdarsafn.kopavogur.is\/en\/wp-json\/wp\/v2\/event_category?post=25146"},{"taxonomy":"event_tag","embeddable":true,"href":"https:\/\/gerdarsafn.kopavogur.is\/en\/wp-json\/wp\/v2\/event_tag?post=25146"},{"taxonomy":"event_umbrella","embeddable":true,"href":"https:\/\/gerdarsafn.kopavogur.is\/en\/wp-json\/wp\/v2\/event_umbrella?post=25146"}],"curies":[{"name":"wp","href":"https:\/\/api.w.org\/{rel}","templated":true}]}}

<p>All are welcome to attend the second night of the Performance Festival collaboration between Gerðarsafn and Hamraborg Festival Thursday 27th March in Gerðarsafn.<br>Artists performing:<br>Iðunn Gígja Kristjánsdóttir<br>Hugo Llanes<br>Örn Alexander Ámundason<br>Steinunn Gunnlaugsdóttir in collaboration with Snorri Páll and Tryggvi Rúnar Brynjarsson<br>with interventions from students of The Reykjavík School of Visual Arts.<br><br>Curation: Hamraborg Festival / Agnes Ársælsdóttir.<br><br>This Thursday is Good Thursday and entrance to the exhibitions will be free from 6 p.m. Krónikan restaurant will be open too. All are welcome!</p>

<p>All are welcome to attend the second night of the Performance Festival collaboration between Gerðarsafn and Hamraborg Festival Thursday 27th March in Gerðarsafn.Artists performing:Iðunn Gígja KristjánsdóttirHugo LlanesÖrn Alexander ÁmundasonSteinunn Gunnlaugsdóttir in collaboration with Snorri Páll and Tryggvi Rúnar Brynjarssonwith interventions from students of The Reykjavík School of Visual Arts. Curation: Hamraborg Festival / Agnes Ársælsdóttir. [&hellip;]</p>
